 = 3 + 3*u - u - r*u - 2*u. Determine o(y).
-7
Suppose 0 = -b + 1 - 4. Let g(o) = -4 + 2*o + 2 - 5*o + 2*o. Let d be g(b). Let n(q) = q**3 - 2*q**2 + 1. Give n(d).
0
Let j = -97 - -94. Let f(a) = -a. Give f(j).
3
Let y(i) be the second derivative of -10*i + 0 + 0*i**3 - 2*i**2 + 1/12*i**4. Determine y(4).
12
Let p(v) = 3 - 1 + 2*v + 2*v. Suppose 2*h + 35 = -1. Let u be 11/(-6) - (-3)/h. What is p(u)?
-6
Let l be 21/7 - (-1 - -1). Let d(f) = 4 - f**3 + l*f**2 - 7*f**2 + 2*f**3. Suppose 2 = -2*j + 10. Calculate d(j).
4
Let z(c) = -c**3 - 8*c**2 + 9*c - 6. Let s = -14 - -5. Determine z(s).
-6
Let r(g) = 0*g**2 + 1 - 7*g - 3*g**2 + 2*g**2 + 6. Let h be r(-8). Let j(c) = -6*c**2 + 1. Determine j(h).
-5
Suppose -4*w = w - 100. Suppose -z - 2 = 0, -2*z - 3*z = 2*p - w. Suppose -r + 4*r = -3*x + p, x + 20 = 4*r. Let a(s) = s**2 - s + 6. What is a(x)?
6
Suppose 0 = 4*z - 3*f - 2, -2*f = -7*f + 10. Suppose -z*p + 3 - 1 = 0. Let d(n) = -3*n + 0*n + 0*n. What is d(p)?
-3
Let z(u) = -u**3 - 3. Let p be 31/4 + 9/36. Let m(a) = a - 8. Let n be m(p). What is z(n)?
-3
Let x(d) = d + 10. Let q be x(-7). Suppose q*n + 5*j + 23 = 6*n, 0 = 3*n - 2*j - 20. Let u(t) = t**3 - 7*t**2 + 8*t - 5. Give u(n).
7
Let u be 1*-9 + (-4 - -2). Let f = u + 8. Let w be f + (3 - (4 - 2)). Let l(h) = -3*h + 2. Determine l(w).
8
Suppose -22 = 5*j - 3*j. Let c(p) = p**3 + 11*p**2 - p - 8. What is c(j)?
3
Let z(r) = r + 5. Let s = -1 - -5. Suppose -s*b - b = 0. Suppose b = -0*d - 2*d. Determine z(d).
5
Suppose 2*k = -2*d + 14, k + 2*d - 1 = 8. Let i(c) be the first derivative of 0*c + 7/2*c**2 - 1 - 1/3*c**3. Calculate i(k).
10
Let y(g) = 0*g**3 + g - g**3 - 3 + 0*g**3 - 2. Suppose 8 = a + 2*c, 0 = 2*a + 2*a + 3*c - 12. Give y(a).
-5
Let f(c) = -c**2 - 7*c + 9. Let n = 55 - 62. Give f(n).
9
Suppose -l = -4*d + 18, -d + l + 6 = -0*l. Suppose 0*x = -d*x + 8. Let h(y) = 0*y**2 + 2*y**2 - y**3 + 0*y**3. Give h(x).
0
Let h(q) = -q**3 - 3*q**2 + 2*q - 6. Let a be h(-4). Let b(s) = s**3 - 2*s**2 + s + 2. Give b(a).
4
Let p(y) be the third derivative of -y**5/120 + y**4/8 + y**3/2 + 2*y**2. Let q(s) be the first derivative of p(s). Give q(3).
0
Let t(f) = f + 1. Suppose 0 = 5*c + 5 - 0. Let w(p) = -p - 5. Let y(g) = c*w(g) - 3*t(g). Determine y(4).
-6
Let c(g) be the third derivative of -1/60*g**5 - 1/12*g**4 + 0 - 1/6*g**3 + 0*g - 2*g**2. Determine c(-3).
-4
Let p be (112/42)/((-2)/(-6)). Suppose p = 3*i + i. Let g(w) = 2*w + 2. Calculate g(i).
6
Let i = -2 + -1. Let h be 0*i/(-6) + 2. Suppose c = -c - h. Let p(r) = 7*r**3 - r. Calculate p(c).
-6
Let p(w) be the first derivative of w**4/4 + 2*w**3/3 - w**2 + w - 1. Let x be 6*2/4 + -6. Give p(x).
-2
Let c(n) = 5*n + 12. Let p(s) = 11*s + 25. Let f(g) = -9*c(g) + 4*p(g). Suppose 3*z + 3*y + 2*y - 10 = 0, 0 = -3*y + 6. Give f(z).
-8
Let z be (-2)/2 - 0/(-2). Let n = 4 - z. Let s(l) = -1. Let k(f) = -f - 1. Let c(q) = -k(q) + 5*s(q). What is c(n)?
1
Let c(z) = -2*z. Let g(u) = -1. Let m(o) = -c(o) - 2*g(o). Let a = -24 - -27. Calculate m(a).
8
Suppose 3 = m + 2*n, 0*m + 4*n = 5*m - 15. Suppose -2*z = m*z. Let d(c) be the third derivative of c**4/24 + c**3/6 - c**2. Calculate d(z).
1
Let m(k) = 3*k**2 + 7*k - 5. Let b(g) = 7*g**2 + 15*g - 11. Let q(x) = 6*b(x) - 13*m(x). Give q(2).
9
Let r(l) = 3*l - 8. Let o be (-49)/(-21)*3*(-1 + 2). Determine r(o).
13
Let a(z) = 1 + z + 6 - 4. Let j = 7 + -2. Let l be ((-5)/j)/((-2)/(-8)). Give a(l).
-1
Let b = -12 + 11. Let w(q) be the second derivative of -q**4/12 + 4*q. Give w(b).
-1
Let d(v) = v + 1. Let z(i) = -10 - 7 + 13 - 3*i. Let a(g) = 7*d(g) + 2*z(g). Determine a(6).
5
Let f(z) = z**2 + 8*z + 8. Let t be f(-8). Let s(d) = -2*d + 3*d**2 - 4 - t + 11. Calculate s(-1).
4
Let q = -5 - -7. Let a(z) = 2 - z + 0 - 4. Determine a(q).
-4
Let z(v) = 4*v + 3 - 4*v**2 - 2 + 11*v**3 - 6*v**3 - 4*v**3. Give z(3).
4
Let j(b) = b**2 + 11*b - 20. Let z be j(-13). Let i(c) = c**3 - 6*c**2 + 2*c - 2. What is i(z)?
10
Let x(s) = -5*s**2 - 5*s + 5. Let z(g) be the third derivative of g**5/60 + g**4/24 + g**3/6 + g**2. Let p(n) = -x(n) - 4*z(n). Calculate p(0).
-9
Let n(k) = -7*k - 1. Suppose 3*d = 1 - 28. Let r = d + 8. Determine n(r).
6
Let j(x) = x**2 - 10*x + 6. Let t = -20 + 24. Suppose t*o = 39 - 3. Determine j(o).
-3
Let p(z) be the first derivative of z**2/2 + 12*z - 6. Determine p(-6).
6
Let z(k) be the first derivative of -k**4/6 + k**3/2 + 3*k**2/2 - 7*k - 7. Let c(o) be the first derivative of z(o). Calculate c(-2).
-11
Suppose -b + 5 - 4 = 0, 5*b = -2*x + 9. Let t(o) = -1 - 8*o**2 + o**x + 3 + 6*o**2 + o. Determine t(0).
2
Suppose 0*q + 9 = -3*q. Let u = q - -6. Let z(t) = -2*t**2 - t - 3. Let i(d) = -d**2 - 2. Let n(j) = u*i(j) - 2*z(j). What is n(-3)?
3
Suppose -5*u - 3*f + 27 = 0, -2*f - 1 = -3*u - 0. Suppose 0 = m - u + 2. Let w be 0/(0 - -2 - m). Let x(k) = k**2 - 3. Calculate x(w).
-3
Let z(y) be the third derivative of -y**5/30 - y**4/6 - y**3/6 + 9*y**2. Give z(-3).
-7
Let j be -1 - (0 + 8)/(-2). Let g = 1 + 1. Let z(f) = 2*f**2 - 7 - j*f**g + 4*f + f. What is z(5)?
-7
Suppose 5*q + 0*q = u - 3, -3*q - 3*u = -9. Let a(p) = -p - 2 + 10*p**2 - 11*p**2 - 9. Determine a(q).
-11
Let j(c) = -4*c**2 + c - 1. Suppose 4 = -3*k + 7*k. Let i be j(k). Let s(d) = -d**2 - 2*d + 1. Determine s(i).
-7
Let q(d) = -8*d**2 + 5*d - 3. Let j(r) = 41*r**2 - 26*r + 16. Let b(c) = 2*j(c) + 11*q(c). What is b(2)?
-19
Let r(o) = o**3 + 2*o**2 - 4*o - 1. Let c be r(3). Suppose f - 5*f = -c. Let m(l) = f + 4*l - 5*l**2 + l**3 - 2*l - 7. Give m(4).
-7
Let j(r) = -46*r + 23*r + 2 + 26*r - r**2 + r**3. Determine j(-2).
-16
Let g(j) = j - 1. Suppose 0 = 2*f + 8, 0*a - 4*a + 2*f - 88 = 0. Let h = a - -14. Let d(s) = s + 9. Let z be d(h). Determine g(z).
-2
Suppose 2*n + t - 5 = -1, 16 = 2*n - 2*t. Let u(c) = -c**2 + 5*c - 6. What is u(n)?
-2
Suppose -q - 4*q + 3*c + 4 = 0, -5*q - 3*c - 14 = 0. Let g(u) = -22*u**3 + 2*u**2 + 2*u + 1. What is g(q)?
23
Let h(b) = -b + 7. Let s(y) = y - 7. Let q(w) = 4*h(w) + 5*s(w). Let g be 4*-4*12/(-64). Suppose 0 = g*o - o. Determine q(o).
-7
Let p(w) = w**2. Let c(s) = -s**3 + s**2 + s - 1. Let t(v) = -c(v) + 3*p(v). Let f be (-9)/(-6)*8/(-6) + -1. What is t(f)?
-5
Let a(c) = -c**2 + 4*c + 1. Let f(m) = m - 1. Let d be f(4). Suppose 5*r - 6 = -d*l - 0*l, -9 = 2*r + 5*l. Determine a(r).
4
Let k(d) = -6*d**2. Suppose -b - 5*h + 4 = 24, -3*h - 10 = b. Suppose -b = v - 0, -5*r + 3*v = -20. Determine k(r).
-6
Let t = 4 + 1. Let q(g) = g**3 - 6*g**2 + 4*g - 2. Calculate q(t).
-7
Let x be (-60)/(-16) + (-2)/(-8). Let g = x + 1. Let c(o) = o + 18. Let m(y) = -6. Let q(p) = 2*c(p) + 7*m(p). Give q(g).
4
Let g(i) be the second derivative of 0 - 5/6*i**3 - 1/20*i**5 + 1/2*i**4 - 3/2*i**2 + 7*i. Give g(4).
9
Let o be 3/3 + -2 + 0. Let u = o + 4. Let y(x) = -x - 3. Determine y(u).
-6
Let i(p) = p**3 - 4*p**2 + p - 4. Let h be (1 - 4)/((-33)/22). Let d be (-3)/(-3 + 0) + h. Determine i(d).
-10
Let g(v) = 2*v**2 + 4*v - 5. Let j(h) = -h**2 + 5*h - 4*h - 1 + 0*h. Let p(d) = g(d) + j(d). Calculate p(-6).
0
Let c(j) = -6*j**2 - j**3 - j**3 + 1 + 4*j**3 - j**3 - 5*j. Let x be c(7). Suppose 5*r = x - 5. Let q(d) = 3*d + 1. Determine q(r).
7
Let f = 0 - 1. Let v(s) = -s**2 + s. Let o(r) = -4*r**3 + 4*r**2 - 4*r - 1. Let a(w) = -o(w) - 4*v(w). What is a(f)?
-3
Let u(y) = -y**3 - 4*y**2 - 2*y - 3. Let l(d) = -5*d - 9. Let z(m) = -9*m - 17. Let a(j) = 7*l(j) - 4*z(j). Let o be a(-8). What is u(o)?
-6
Let a(p) = 2*p - 17*p**2 - 1 + 35*p**2 - 19*p**2 + 4*p**3. Let s be ((-1)/4)/(3/(-12)). Calculate a(s).
4
Let i(k) = -5*k + 2 - 6*k**2 - 2*k**2 - k**3 + k**2. What is i(-6)?
-4
Let x(u) = 9*u**3 - u**2 + 2*u. Let h(o) = 26*o**3 - 3*o**2 + 7*o. Let a(m) = -2*h(m) + 7*x(m). Suppose 15*g - 3 = 18*g - 3*j, g - 9 = -4*j. Give a(g).
10
Let g(h) = -h + 11. Let y = 13 - 8. Give g(y).
6
Suppose -4*c + 8 = -2*n, 7*c - 1 = n + 2*c. Suppose 0 = 8*o - 11*o + 27. Let h(b) = 4 - 2*b - o + 2 - 2. Determine h(n).
7
Let c(j) = 5*j**2 - 5 - 2*j + j + 16*j**3 + 1 - 15*j**3. Suppose -4*p = -p + 15. Determine c(p).
1
Let d(x) = x - 1. Let w(k) = -k**3 + 5*k**2 - 3*k + 3. Let g(q) = 4*d(q) + w(q). Determine g(5).
4
Let z(l) be the second derivative of -4*l - 1/3*l**3 + 3/2*l**2 + 0. Determine z(6).
-9
Let x(o) = o**2 + 7*o + 5. Let w be x(-2)